(7). Calculate the highest common factor of p and t.
18
Let a = 6 - -10. Let v(m) = -2*m + 16. Let w be v(0). Let c = w - -24. What is the highest common divisor of c and a?
8
Let m be 0 + 2*5 - (-11 + 13). Suppose -2*k + 12 = 2. Suppose 3*g + 2*g = -5*d + 5, -3*g - d + k = 0. What is the greatest common divisor of g and m?
2
Suppose -12*d = 16 + 44. Let f(v) = v**2 + 5*v + 19. Let h be f(d). Calculate the greatest common factor of 19 and h.
19
Let c = -5 + 23. Let x(t) = -4*t + 10. Let h be x(7). Let y be (-32)/h + (-36)/(-162). What is the greatest common divisor of c and y?
2
Let k(u) = -2*u - 3. Let c be k(-9). Calculate the highest common divisor of 85 and c.
5
Suppose 3*l = -4 - 5. Let j be 10 - (l + 0 + 3). Let u be 45/6*(-14 + 16). Calculate the greatest common factor of j and u.
5
Let w be (-20)/25*190/(-4). Suppose -5*q + 859 - 231 = 4*b, 5*q = -5*b + 780. What is the highest common factor of w and b?
38
Let x(y) = 11*y - 4. Let b be x(2). Let t be (-4)/b + (-1624)/(-18). Calculate the greatest common divisor of 60 and t.
30
Let i(p) = 57*p + 2. Let x be i(2). Let a = x - 71. Suppose 5*b - 61 = 4*l, 1 - 5 = l. What is the greatest common factor of b and a?
9
Let j = -51 + 90. Let b = -13 + j. Let v(t) = -t**3 + 10*t**2 + 14*t - 10. Let o be v(10). Calculate the highest common factor of b and o.
26
Let y(k) = 2*k + 2. Let z be y(1). Suppose -2*x = -2*m - 24, z*m = 2*x - 19 - 1. Let d be (2/6)/(x/252). Calculate the highest common divisor of 42 and d.
6
Let n be (-52)/(-14) + (-2)/(-7). Suppose 2*k + 5 = n*i + 3, 3*k + 23 = i. Let b be (2 - 5)/k*42. Calculate the highest common divisor of 56 and b.
14
Let p = 103 - 59. Let o(n) = 12*n - 3. Let r be o(2). Suppose r = 5*b - 34. What is the highest common factor of b and p?
11
Let p be 759/(3/7 + (-36)/(-63)). What is the greatest common factor of 11 and p?
11
Let t(q) = q**3 + 14*q**2 + 12*q + 2. Let k = -42 + 29. Let g be t(k). Let h be 2/(-5) - (-456)/g. Calculate the greatest common factor of 12 and h.
6
Suppose -3*t = 2*d + 9, 14 = -2*t - 6*d + 2*d. Let o(l) = 12*l**2 - 5*l - 6. Let w be o(t). Calculate the greatest common factor of w and 88.
11
Suppose -21 = 6*i - 69. What is the highest common factor of 172 and i?
4
Suppose 4*v + b + 1 = 2*b, -3*v - 9 = 2*b. Let r be 0/v*1/(-3). Suppose r = 5*w - 2 - 18. Calculate the greatest common factor of 6 and w.
2
Let o = 179 + -159. Let b = 17 + 53. Calculate the highest common divisor of o and b.
10
Suppose -4*u = -5*y - 92, 7*u + 8*y = 3*y + 216. Let q = 12 - 2. Let t = q + -3. What is the greatest common factor of u and t?
7
Let a(k) = -2*k. Let u be a(-5). Suppose -9*z = -10*z + u. Calculate the greatest common factor of 90 and z.
10
Let c = -1726 + 1942. Calculate the highest common divisor of c and 8.
8
Let z be (6 - -4) + -17 + 40. Suppose -6*j + 12 = -2*j. Let x = j + 0. What is the highest common divisor of z and x?
3
Let z(d) = d**2 - 1. Let x be z(2). Suppose -7*r + 6 = -4*r. Suppose 0 = -0*l - r*l + 48. What is the highest common divisor of l and x?
3
Suppose -2 = 4*d - 2*a, 4*d - 3 + 0 = -3*a. Let i be 24 - (-4 - -2 - d). Calculate the greatest common factor of i and 2.
2
Let u be (-1)/((9324/(-190))/7 + 7). Calculate the greatest common factor of 19 and u.
19
Suppose 0 = 2*h + 3*h - 10. Suppose 25 = 3*v + h*v. What is the highest common factor of v and 15?
5
Let q = -37 + 34. Let y be q*(-2 + (1 - 0)). What is the highest common divisor of 24 and y?
3
Let t(w) = -14*w**3 - 6*w**2 - 4*w. Let h be t(-1). What is the greatest common factor of h and 66?
6
Let x(n) = n**3 - 9*n**2 + 6*n - 9. Let l be (-3)/(5/8 - 1). Let i be x(l). Let v be 18*i*(-2)/4. Calculate the greatest common divisor of v and 25.
25
Suppose -w - 3*w = -3*z - 1092, -2*w = -3*z - 546. Calculate the highest common divisor of w and 78.
39
Suppose -2*w - 14 = -3*w - 4*k, 2*w - 19 = k. Let g = w + -6. Suppose -u + 4*a = -0*u + 2, g*u - 82 = -2*a. Calculate the greatest common factor of u and 72.
18
Let q(f) = 21*f + 52. Let w(m) = 7*m + 17. Let t(o) = 3*q(o) - 8*w(o). Let z be t(13). Calculate the highest common divisor of 37 and z.
37
Suppose -5*f + 62 = m, 1 - 2 = -f - 4*m. Let b = -77 - -220. Calculate the greatest common factor of b and f.
13
Suppose -r + 1 = -230. Suppose -3*w - 3*y = -4 - 8, 6 = -2*y. Calculate the greatest common divisor of w and r.
7
Suppose 1155 = 6*s - 1077. What is the greatest common factor of s and 31?
31
Let y(l) = -l**3 - 5*l + 3. Let o be y(-4). Let i = o + -37. Let u = i - 10. Calculate the greatest common factor of u and 8.
8
Let x(b) = -b**2 + 24*b + 25. Let a be x(15). What is the highest common factor of a and 128?
32
Let t be -27 + 1 - (2 + -1). Let i = 49 + t. Suppose 3*r + 710 = 4*l, 0 = -4*r - r - 10. What is the highest common factor of i and l?
22
Let t be (-6)/(-1) + 7 + -10. Suppose -t*s = 5*z - 108, -z + 13 = -5*s - 3. What is the highest common divisor of z and 6?
3
Let n be (-36 + 0)*(-4)/3. Let h be (-32)/(-80)*5*(7 + -1). Calculate the highest common divisor of n and h.
12
Let z be ((-56)/(3/(-2 - 4)))/1. Let v = 19 - 5. Calculate the greatest common factor of v and z.
14
Let a(g) be the first derivative of 8*g**2 - 16*g + 2. Let m be a(5). What is the highest common divisor of m and 8?
8
Let g = -437 + 533. What is the highest common divisor of g and 60?
12
Suppose 2*q - 7*q + 200 = 0. Suppose -d = 4*d - 4*s - 300, 5*d + 5*s - 300 = 0. Suppose -r = y - d, 0*r = -2*r. What is the greatest common factor of q and y?
20
Let b = -745 - -801. Calculate the highest common factor of b and 700.
28
Suppose 0*t = -4*t + 40. Let k be 22/((8/10)/(t/25)). What is the highest common factor of k and 11?
11
Let x = -645 + 885. Calculate the highest common divisor of 15 and x.
15
Let w(d) = -8*d. Let i be w(-1). Let z(a) = 2*a**2 - 8*a + 10. Let f be z(4). Suppose 12*j = f*j + 128. What is the highest common factor of j and i?
8
Suppose 0 = 5*f - 5*g - 355, g + 8 = -3*g. Let t = 1570 + -1524. What is the greatest common divisor of t and f?
23
Let c = 272 - 191. Calculate the highest common divisor of c and 9.
9
Let u(n) = n + 2. Let d be u(2). Let p(g) = -21*g**3 - g**2 + 2*g - 2. Let r be p(-2). Let i = r - 126. What is the greatest common factor of d and i?
4
Let w = -336 - -372. What is the highest common divisor of 468 and w?
36
Let y be 12*6 + 11 + (-9 - -2). What is the highest common factor of y and 190?
38
Let g(l) = l**3 - 11*l**2 + 4*l - 12. Let s be g(12). Let m be 4/(-14) + s/42. Suppose m*z - 31 = 145. Calculate the greatest common divisor of z and 11.
11
Let d be 126/(-84) - 375*3/(-2). What is the highest common divisor of d and 255?
51
Suppose -42 = -2*a - 100. Let o = a - -31. Calculate the highest common factor of 4 and o.
2
Let v(p) = p**2 - 6*p - 2. Let l be v(7). Suppose l*j + 48 = -12. Let h be j/60 - 552/(-10). Calculate the greatest common divisor of h and 5.
5
Let y be 13 - 2 - (-9 - 24/(-6)). What is the greatest common divisor of y and 256?
16
Let g(f) = 10*f + 8. Let c be g(6). Let h(u) = -u + 14. Let w be h(-3). What is the highest common factor of c and w?
17
Let g(y) = 2*y**2 - 13*y + 7. Let z(m) = 2*m**2 - 13*m + 7. Let p(w) = 5*g(w) - 6*z(w). Let k be p(4). Calculate the greatest common factor of k and 65.
13
Suppose 22 = a + a. Suppose -70 = -72*m + 2*m. What is the highest common factor of a and m?
1
Suppose 7*x = 9*x + 4*d - 460, -4*d + 20 = 0. Calculate the greatest common factor of 88 and x.
44
Let f = 70 + -70. Suppose f = z - q - 7, 5*z = -0*z - 3*q + 11. What is the highest common factor of 20 and z?
4
Let z be 1876/10 - -6 - 4/(-10). What is the greatest common factor of z and 873?
97
Suppose -439 + 116 = -19*p. Suppose 4*c - 465 - 126 = -5*h, -4*c + 115 = h. What is the highest common divisor of h and p?
17
Let y = 1856 + -1762. Calculate the greatest common factor of y and 2538.
94
Suppose 4*j - j = m - 6, -3 = 4*m - 3*j. Let a be 2 - (0/m - 4). Suppose 4*g - 144 = -3*z + g, 3*g + a = 0. What is the greatest common factor of z and 75?
25
Let y(c) = 17*c**2 + 9*c - 9. Let o be y(1). Let h be 8/28 - 472/(-14). Calculate the greatest common divisor of o and h.
17
Suppose 4*z - 8 = 3*z. Suppose -a + 4*d + 0 = -14, -5*a = -3*d - 19. Calculate the highest common divisor of z and a.
2
Let o